{"id":3,"date":"2025-01-15T18:09:06","date_gmt":"2025-01-15T18:09:06","guid":{"rendered":"https:\/\/anavi-art.hr\/?page_id=3"},"modified":"2025-10-07T17:18:59","modified_gmt":"2025-10-07T17:18:59","slug":"privacy-policy","status":"publish","type":"page","link":"https:\/\/anavi-art.hr\/index.php\/privacy-policy\/","title":{"rendered":"Politika privatnosti"},"content":{"rendered":"\n<h2 class=\"wp-block-heading\">Tko smo mi?<\/h2>\n\n\n\n<p>anaviART, obrt za dizajn vlasnice Ivane \u010crepinko, Andrije Ka\u010di\u0107a Mio\u0161i\u0107a 2, 42230 Ludbreg, OIB: 74118262958 po\u0161tuje Va\u0161u privatnost. Na\u0161a Politika privatnosti odnosi se na\u0161e suradnike, kupce i posjetitelje ove web stranice (<a href=\"http:\/\/www.anavi-art.hr\">www.anavi-art.hr<\/a>), a temeljena je na odredbama Op\u0107e uredbe o za\u0161titi podataka Europske unije (GDPR).<\/p>\n\n\n\n<p>U nastavku mo\u017eete prona\u0107i ikoje podatke prikupljamo, kako ih koristimo, sa kime dijelimo i izbor koji imate kao korisnici ove web stranice. Navedene su i mjere za\u0161tite prikupljenih podataka, te na\u010din kako nas kontaktirati u vezi na\u0161e politike privatnosti i za\u0161tite Va\u0161ih prava.<\/p>\n\n\n\n<p><strong>Podaci koje prikupljamo:<\/strong><\/p>\n\n\n\n<p>Podatke prikupljamo na razli\u010dite na\u010dine, putem na\u0161e web stranice, dru\u0161tvenih mre\u017ea te osobnim, telefonskim kontaktom ili putem e-maila. Podatke koje prikupljamo:<\/p>\n\n\n\n<ul class=\"wp-block-list\">\n<li>kontakt podaci (ime i prezime, adresa, OIB, telefonski broj i e-mail),<\/li>\n\n\n\n<li>geolokacijske podatke, s pojedinim osobitostima na\u0161e web stranice,<\/li>\n\n\n\n<li>ostale podatke koje nam dostavite putem anketa ili kontakt formulara<\/li>\n<\/ul>\n\n\n\n<p><strong>Podaci koje automatski prikupljamo:<\/strong><\/p>\n\n\n\n<p>Posjetom na\u0161e web stranice, automatski se prikupljaju podaci kao \u0161to su IP adresa, karakteristike pretra\u017eiva\u010da, ure\u0111aja, operativni sustav, jezi\u010dne postavke, podaci o kori\u0161tenju na\u0161e web stranice i druge statisti\u010dke podatke o posjeti web stranici. Va\u0161 preglednik nam mo\u017ee poslati obavijest o tome da li ste dozvolili primanje ili blokirali kola\u010di\u0107e.<\/p>\n\n\n\n<p>Pru\u017eatelji usluga aplikacija tre\u0107ih strana, alata i dodataka na na\u0161oj web stranici, kao \u0161to su alati za dijeljenje putem dru\u0161tvenih medija, tako\u0111er mogu koristiti automatizirana sredstva za prikupljanje podataka o Va\u0161im interakcijama. Ove informacije se prikupljaju izravno od strane pru\u017eatelja usluga i podlije\u017eu pravilima privatnosti ili obavijesti tih usluga. U skladu s va\u017ee\u0107im zakonom, anaviART nije odgovoran za politiku privatnosti tih pru\u017eatelja usluga.<\/p>\n\n\n\n<p><strong>Kako koristimo prikupljene podatke:<\/strong><\/p>\n\n\n\n<ul class=\"wp-block-list\">\n<li>za izdavanje ra\u010duna i obradu pla\u0107anja,<\/li>\n\n\n\n<li>slanje promotivnih materijala, obavijesti o doga\u0111anjima, promocijama, programima,<\/li>\n\n\n\n<li>odgovaranje na Va\u0161e upite,<\/li>\n\n\n\n<li>za\u0161titu i sprje\u010davanje prijevara i drugih nezakonitih aktivnosti, zahtjeva posjetitelja i korisnika web portala i tre\u0107ih strana,<\/li>\n\n\n\n<li>provo\u0111enje zakonskih obveza i zahtjeva na koje smo du\u017eni odgovoriti, po\u0161tivanje ugovornih obveza i na\u0161ih pravila poslovanja.<\/li>\n<\/ul>\n\n\n\n<p>Podatke koje prikupljamo mo\u017eemo koristiti i na druge na\u010dine o kojima \u0107emo Vas obavijesti prije po\u010detka kori\u0161tenja istih.<\/p>\n\n\n\n<p><strong>Informacije koje dijelimo:<\/strong><\/p>\n\n\n\n<p>Osobne podatke koje smo prikupili ne dijelimo, osim na na\u010din kako je to opisano u ovoj Politici privatnosti ili u izdvojenim obavijestima u vezi s pojedinim aktivnostima.<\/p>\n\n\n\n<p>Va\u0161e osobne podatke mo\u017eemo otkriti ukoliko smo na to obvezni po zakonu ili nalogu: sukladno nalogu pravosudnih tijela i kad vjerujemo da je otkrivanje podataka nu\u017eni kako bismo sprije\u010dili nastanak \u0161tete ili financijskog gubitka te u slu\u010dajevima istra\u017eivanja prijevare ili nezakonitih aktivnosti.<\/p>\n\n\n\n<p><strong>Va\u0161a prava:<\/strong><\/p>\n\n\n\n<p>Ukoliko \u017eelite promijeniti Va\u0161e postavke, informacije ili uklanjanje sa primatelja e-maila, molimo Vas da podnesete pisani zahtjev na e-mail ivana@anavi-art.hr. Sukladno zakonu, mo\u017eete zatra\u017eiti uvid u Va\u0161e osobne podatke ili zatra\u017eiti da ispravimo, izbri\u0161emo ili blokiramo Va\u0161e osobne podatke.<\/p>\n\n\n\n<p><strong>Za\u0161tita osobnih podataka:<\/strong><\/p>\n\n\n\n<p>Odr\u017eavamo administrativnu, tehni\u010dku i fizi\u010dku za\u0161titu koja je stvorena kako bi za\u0161titila osobne podatke od nenamjernih, neovla\u0161tenih i nezakonitih izmjena, otkrivanja, kori\u0161tenja ili gubitaka.<\/p>\n\n\n\n<p><strong>Obavijest o povredi osobnih podataka:<\/strong><\/p>\n\n\n\n<p>U slu\u010daju povrede osobnih podataka obavijestit \u0107emo Vas i nadle\u017eno nadzorno tijelo&nbsp; porukom e-po\u0161te u roku 72 sata o razmjerima povrede, obuhva\u0107enim podacima, mo\u017eebitnom utjecaju na na\u0161e poslovanje i na\u0161im planiranim mjerama za osiguranje podataka i ograni\u010denje bilo kakvih \u0161tetnih u\u010dinaka po pojedince.<\/p>\n\n\n\n<p>Obavijest o povredi Vam ne\u0107emo poslati u slu\u010daju:<\/p>\n\n\n\n<ul class=\"wp-block-list\">\n<li>ako postoje tehni\u010dke i organizacijske mjere za\u0161tite (poput enkripcije) koje su primijenjene na osobne podatke pogo\u0111ene povredom osobnih podataka, koje te podatke \u010dine nerazumljiva bilo kojoj osobi koja im nije ovla\u0161tena pristupiti;<\/li>\n\n\n\n<li>ako smo poduzeli naknadne mjere kojima se osigurava da vi\u0161e nije vjerojatno da \u0107e do\u0107i do visokog rizika za prava i slobode pojedinaca;<\/li>\n\n\n\n<li>ako bi to iziskivalo nerazmjeran napor (u tom slu\u010daju \u0107emo Vas obavijestiti putem sredstava javnog obavje\u0161\u0107ivanja ili sli\u010dne jednako djelotvorne mjere).<\/li>\n<\/ul>\n\n\n\n<p>Povreda osobnih podataka zna\u010di povredu sigurnosti koja vodi do nenamjernog ili nezakonitog uni\u0161tenja, gubitka, izmjene, neautoriziranog otkrivanja ili pristupa osobnim podacima koji se prenose, \u010duvaju i obra\u0111uju u vezi s nu\u0111enjem na\u0161ih usluga.<\/p>\n\n\n\n<p><strong>Va\u0161a privola:<\/strong><\/p>\n\n\n\n<p>Kori\u0161tenjem ove web stranice dajete privolu na ovu Politiku privatnosti.<\/p>\n\n\n\n<p><strong>Promjene na\u0161e Politike privatnosti:<\/strong><\/p>\n\n\n\n<p>U slu\u010daju promjena na\u0161e Politike privatnosti obavijestit \u0107emo Vas o tome na ovoj web stranici i a\u017eurirati datum izmjene Politike privatnosti.<\/p>\n\n\n\n<p>Ova politika privatnosti je zadnji put izmijenjena 1. travnja 2025. godine.<\/p>\n\n\n\n<p><strong>Pravno na pritu\u017ebu:<\/strong><\/p>\n\n\n\n<p>U bilo kojem trenutku mo\u017eete poslati pritu\u017ebu nadzornom tijelu u vezi na\u0161eg skupljanja i obrade Va\u0161ih osobnih podataka. U Republici Hrvatskoj pritu\u017ebu mo\u017eete podnijeti Agenciji za za\u0161titu osobnih podatka (AZOP).<\/p>\n\n\n\n<p><strong>Kontakt:<\/strong><\/p>\n\n\n\n<p>Ako imate pitanja ili komentar vezano za na\u0161u Politiku privatnosti ili \u017eelite promijeniti podatke koje imamo o Vama, molimo Vas da nas kontaktirate na <a href=\"mailto:ivana@anavi-art.hr\">ivana@anavi-art.hr<\/a>.<\/p>\n","protected":false},"excerpt":{"rendered":"<p>Tko smo mi? anaviART, obrt za dizajn vlasnice Ivane \u010crepinko, Andrije Ka\u010di\u0107a Mio\u0161i\u0107a 2, 42230 Ludbreg, OIB: 74118262958 po\u0161tuje Va\u0161u privatnost. Na\u0161a Politika privatnosti odnosi se na\u0161e suradnike, kupce i posjetitelje ove web stranice (www.anavi-art.hr), a temeljena je na odredbama Op\u0107e uredbe o za\u0161titi podataka Europske unije (GDPR). U nastavku mo\u017eete prona\u0107i ikoje podatke prikupljamo, [&hellip;]<\/p>\n","protected":false},"author":1,"featured_media":0,"parent":0,"menu_order":0,"comment_status":"closed","ping_status":"open","template":"","meta":{"footnotes":""},"class_list":["post-3","page","type-page","status-publish","hentry"],"_links":{"self":[{"href":"https:\/\/anavi-art.hr\/index.php\/wp-json\/wp\/v2\/pages\/3","targetHints":{"allow":["GET"]}}],"collection":[{"href":"https:\/\/anavi-art.hr\/index.php\/wp-json\/wp\/v2\/pages"}],"about":[{"href":"https:\/\/anavi-art.hr\/index.php\/wp-json\/wp\/v2\/types\/page"}],"author":[{"embeddable":true,"href":"https:\/\/anavi-art.hr\/index.php\/wp-json\/wp\/v2\/users\/1"}],"replies":[{"embeddable":true,"href":"https:\/\/anavi-art.hr\/index.php\/wp-json\/wp\/v2\/comments?post=3"}],"version-history":[{"count":1,"href":"https:\/\/anavi-art.hr\/index.php\/wp-json\/wp\/v2\/pages\/3\/revisions"}],"predecessor-version":[{"id":220,"href":"https:\/\/anavi-art.hr\/index.php\/wp-json\/wp\/v2\/pages\/3\/revisions\/220"}],"wp:attachment":[{"href":"https:\/\/anavi-art.hr\/index.php\/wp-json\/wp\/v2\/media?parent=3"}],"curies":[{"name":"wp","href":"https:\/\/api.w.org\/{rel}","templated":true}]}}