{"id":277,"date":"2025-10-08T10:38:03","date_gmt":"2025-10-08T10:38:03","guid":{"rendered":"https:\/\/anavi-art.hr\/?page_id=277"},"modified":"2025-10-08T16:03:36","modified_gmt":"2025-10-08T16:03:36","slug":"buntovna-drugacija-jedinstvena","status":"publish","type":"page","link":"https:\/\/anavi-art.hr\/","title":{"rendered":"Buntovna. Druga\u010dija. Jedinstvena."},"content":{"rendered":"\n<main class=\"wp-block-group alignfull is-layout-flow wp-container-core-group-is-layout-bb62f62d wp-block-group-is-layout-flow\" style=\"margin-top:0\">\n<p><\/p>\n\n\n\n<div class=\"wp-block-group alignfull has-global-padding is-layout-constrained wp-container-core-group-is-layout-490fa1db wp-block-group-is-layout-constrained\" style=\"padding-top:var(--wp--preset--spacing--50);padding-right:var(--wp--preset--spacing--50);padding-bottom:var(--wp--preset--spacing--50);padding-left:var(--wp--preset--spacing--50)\">\n<figure class=\"wp-block-gallery alignwide has-nested-images columns-default is-cropped wp-block-gallery-1 is-layout-flex wp-block-gallery-is-layout-flex\">\n<figure class=\"wp-block-image size-full is-style-default\" id=\"mandala\"><img loading=\"lazy\" decoding=\"async\" width=\"1900\" height=\"1425\" data-id=\"31\" src=\"https:\/\/anavi-art.hr\/wp-content\/uploads\/2025\/03\/mandala-korcula.jpg\" alt=\"\" class=\"wp-image-31\" srcset=\"https:\/\/anavi-art.hr\/wp-content\/uploads\/2025\/03\/mandala-korcula.jpg 1900w, https:\/\/anavi-art.hr\/wp-content\/uploads\/2025\/03\/mandala-korcula-300x225.jpg 300w, https:\/\/anavi-art.hr\/wp-content\/uploads\/2025\/03\/mandala-korcula-1024x768.jpg 1024w, https:\/\/anavi-art.hr\/wp-content\/uploads\/2025\/03\/mandala-korcula-768x576.jpg 768w, https:\/\/anavi-art.hr\/wp-content\/uploads\/2025\/03\/mandala-korcula-1536x1152.jpg 1536w\" sizes=\"auto, (max-width: 1900px) 100vw, 1900px\" \/><\/figure>\n<\/figure>\n\n\n\n<div class=\"wp-block-group has-global-padding is-layout-constrained wp-container-core-group-is-layout-e555385e wp-block-group-is-layout-constrained\">\n<h1 class=\"wp-block-heading alignwide has-text-align-center has-x-large-font-size\">Dobro do\u0161li u kreativni svijet anaviART!<\/h1>\n\n\n\n<div style=\"height:1.25rem;width:0px\" aria-hidden=\"true\" class=\"wp-block-spacer\"><\/div>\n\n\n\n<div class=\"wp-block-buttons is-content-justification-center is-layout-flex wp-container-core-buttons-is-layout-a89b3969 wp-block-buttons-is-layout-flex\">\n<div class=\"wp-block-button\"><a class=\"wp-block-button__link wp-element-button\" href=\"https:\/\/anavi-art.hr\/index.php\/o-anaviart\/\">O nama<\/a><\/div>\n<\/div>\n<\/div>\n<\/div>\n\n\n\n<div class=\"wp-block-group alignfull has-global-padding is-layout-constrained wp-container-core-group-is-layout-d89aad35 wp-block-group-is-layout-constrained\" style=\"margin-top:0;margin-bottom:0;padding-top:var(--wp--preset--spacing--50);padding-right:var(--wp--preset--spacing--50);padding-bottom:var(--wp--preset--spacing--50);padding-left:var(--wp--preset--spacing--50)\">\n<div class=\"wp-block-group alignwide has-global-padding is-layout-constrained wp-container-core-group-is-layout-19e250f3 wp-block-group-is-layout-constrained\">\n<div class=\"wp-block-columns alignwide is-layout-flex wp-container-core-columns-is-layout-d1c656ed wp-block-columns-is-layout-flex\">\n<div class=\"wp-block-column is-vertically-aligned-center is-layout-flow wp-block-column-is-layout-flow\" style=\"flex-basis:40%\">\n<h3 class=\"wp-block-heading is-style-default\"><a href=\"https:\/\/anavi-art.hr\/?page_id=61&amp;preview=true\" data-type=\"page\" data-id=\"91\">Mandala art<\/a><\/h3>\n\n\n\n<ul style=\"line-height:1.75\" class=\"wp-block-list is-style-checkmark-list\">\n<li>Citati ukra\u0161eni mandalama, prema Va\u0161oj \u017eelji.<\/li>\n\n\n\n<li>Idealan poklon za svaku prigodu.<\/li>\n\n\n\n<li>Mandale i yantre.<\/li>\n\n\n\n<li>Mandala bojanke.<\/li>\n<\/ul>\n<\/div>\n\n\n\n<div class=\"wp-block-column is-layout-flow wp-block-column-is-layout-flow\" style=\"flex-basis:50%\">\n<figure class=\"wp-block-image size-large is-style-default\"><img loading=\"lazy\" decoding=\"async\" width=\"1024\" height=\"642\" src=\"https:\/\/anavi-art.hr\/wp-content\/uploads\/2025\/01\/citat-picasso-1024x642.jpg\" alt=\"\" class=\"wp-image-53\" srcset=\"https:\/\/anavi-art.hr\/wp-content\/uploads\/2025\/01\/citat-picasso-1024x642.jpg 1024w, https:\/\/anavi-art.hr\/wp-content\/uploads\/2025\/01\/citat-picasso-300x188.jpg 300w, https:\/\/anavi-art.hr\/wp-content\/uploads\/2025\/01\/citat-picasso-768x481.jpg 768w, https:\/\/anavi-art.hr\/wp-content\/uploads\/2025\/01\/citat-picasso.jpg 1064w\" sizes=\"auto, (max-width: 1024px) 100vw, 1024px\" \/><\/figure>\n<\/div>\n<\/div>\n\n\n\n<div style=\"height:50px\" aria-hidden=\"true\" class=\"wp-block-spacer\"><\/div>\n\n\n\n<div class=\"wp-block-columns alignwide is-layout-flex wp-container-core-columns-is-layout-d1c656ed wp-block-columns-is-layout-flex\">\n<div class=\"wp-block-column is-layout-flow wp-block-column-is-layout-flow\" style=\"flex-basis:50%\">\n<figure class=\"wp-block-image size-large is-style-default\"><img loading=\"lazy\" decoding=\"async\" width=\"1024\" height=\"645\" src=\"https:\/\/anavi-art.hr\/wp-content\/uploads\/2025\/03\/o-yogi-asana-1024x645.jpg\" alt=\"Yoga\" class=\"wp-image-43\" srcset=\"https:\/\/anavi-art.hr\/wp-content\/uploads\/2025\/03\/o-yogi-asana-1024x645.jpg 1024w, https:\/\/anavi-art.hr\/wp-content\/uploads\/2025\/03\/o-yogi-asana-300x189.jpg 300w, https:\/\/anavi-art.hr\/wp-content\/uploads\/2025\/03\/o-yogi-asana-768x484.jpg 768w, https:\/\/anavi-art.hr\/wp-content\/uploads\/2025\/03\/o-yogi-asana.jpg 1200w\" sizes=\"auto, (max-width: 1024px) 100vw, 1024px\" \/><\/figure>\n<\/div>\n\n\n\n<div class=\"wp-block-column is-vertically-aligned-center is-layout-flow wp-block-column-is-layout-flow\" style=\"flex-basis:40%\">\n<h3 class=\"wp-block-heading is-style-default\"><a href=\"https:\/\/anavi-art.hr\/?page_id=96&amp;preview=true\" data-type=\"page\" data-id=\"92\">Yoga<\/a><\/h3>\n\n\n\n<ul style=\"line-height:1.75\" class=\"wp-block-list is-style-checkmark-list\">\n<li>Pove\u017ei se sa svojim tijelom.<\/li>\n\n\n\n<li>Prodi\u0161i svjesno.<\/li>\n\n\n\n<li>Umiri um.<\/li>\n\n\n\n<li>Opusti se.<\/li>\n<\/ul>\n<\/div>\n<\/div>\n\n\n\n<div style=\"height:50px\" aria-hidden=\"true\" class=\"wp-block-spacer\"><\/div>\n\n\n\n<div class=\"wp-block-columns alignwide is-layout-flex wp-container-core-columns-is-layout-d1c656ed wp-block-columns-is-layout-flex\">\n<div class=\"wp-block-column is-vertically-aligned-center is-layout-flow wp-block-column-is-layout-flow\" style=\"flex-basis:40%\">\n<h3 class=\"wp-block-heading is-style-default\"><a href=\"https:\/\/anavi-art.hr\/?page_id=97&amp;preview=true\" data-type=\"page\" data-id=\"93\">Zapetljana<\/a><\/h3>\n\n\n\n<ul style=\"line-height:1.75\" class=\"wp-block-list is-style-checkmark-list\">\n<li>Macrame nakit.<\/li>\n\n\n\n<li>Narukvice prijateljstva.<\/li>\n\n\n\n<li>Jednostavnost ili elegancija.<\/li>\n<\/ul>\n<\/div>\n\n\n\n<div class=\"wp-block-column is-layout-flow wp-block-column-is-layout-flow\" style=\"flex-basis:50%\">\n<figure class=\"wp-block-image size-large is-style-default\"><img loading=\"lazy\" decoding=\"async\" width=\"1024\" height=\"768\" src=\"https:\/\/anavi-art.hr\/wp-content\/uploads\/2025\/03\/macrame-nakit-1024x768.jpg\" alt=\"\" class=\"wp-image-35\" srcset=\"https:\/\/anavi-art.hr\/wp-content\/uploads\/2025\/03\/macrame-nakit-1024x768.jpg 1024w, https:\/\/anavi-art.hr\/wp-content\/uploads\/2025\/03\/macrame-nakit-300x225.jpg 300w, https:\/\/anavi-art.hr\/wp-content\/uploads\/2025\/03\/macrame-nakit-768x576.jpg 768w, https:\/\/anavi-art.hr\/wp-content\/uploads\/2025\/03\/macrame-nakit.jpg 1200w\" sizes=\"auto, (max-width: 1024px) 100vw, 1024px\" \/><\/figure>\n<\/div>\n<\/div>\n\n\n\n<div style=\"height:65px\" aria-hidden=\"true\" class=\"wp-block-spacer\"><\/div>\n\n\n\n<div class=\"wp-block-columns alignwide is-layout-flex wp-container-core-columns-is-layout-d1c656ed wp-block-columns-is-layout-flex\">\n<div class=\"wp-block-column is-layout-flow wp-block-column-is-layout-flow\" style=\"flex-basis:50%\">\n<figure class=\"wp-block-image size-full is-style-default\"><img loading=\"lazy\" decoding=\"async\" width=\"711\" height=\"516\" src=\"https:\/\/anavi-art.hr\/wp-content\/uploads\/2025\/01\/20240224_094734-4.jpg\" alt=\"\" class=\"wp-image-56\" srcset=\"https:\/\/anavi-art.hr\/wp-content\/uploads\/2025\/01\/20240224_094734-4.jpg 711w, https:\/\/anavi-art.hr\/wp-content\/uploads\/2025\/01\/20240224_094734-4-300x218.jpg 300w\" sizes=\"auto, (max-width: 711px) 100vw, 711px\" \/><\/figure>\n<\/div>\n\n\n\n<div class=\"wp-block-column is-vertically-aligned-center is-layout-flow wp-block-column-is-layout-flow\" style=\"flex-basis:40%\">\n<h3 class=\"wp-block-heading is-style-default\"><a href=\"https:\/\/anavi-art.hr\/?page_id=94&amp;preview=true\" data-type=\"page\" data-id=\"94\">Radionice<\/a><\/h3>\n\n\n\n<ul style=\"line-height:1.75\" class=\"wp-block-list is-style-checkmark-list\">\n<li>Crtanje mandala.<\/li>\n\n\n\n<li>Pletenje narukvica.<\/li>\n\n\n\n<li>Yoga.<\/li>\n<\/ul>\n<\/div>\n<\/div>\n<\/div>\n<\/div>\n\n\n\n<div class=\"wp-block-group alignfull has-base-color has-contrast-background-color has-text-color has-background has-global-padding is-layout-constrained wp-container-core-group-is-layout-ef3d885c wp-block-group-is-layout-constrained\" style=\"margin-top:0;margin-bottom:0;padding-top:var(--wp--preset--spacing--60);padding-right:var(--wp--preset--spacing--60);padding-bottom:var(--wp--preset--spacing--60);padding-left:var(--wp--preset--spacing--60)\">\n<div class=\"wp-block-group has-global-padding is-layout-constrained wp-block-group-is-layout-constrained\">\n<p class=\"has-text-align-center has-base-2-color has-text-color has-heading-font-family has-x-large-font-size\" style=\"line-height:1.2\"><em>\u201cLearn the rules like a pro, so you can break them like an artist.\u201d<\/em><\/p>\n\n\n\n<div style=\"height:var(--wp--preset--spacing--10)\" aria-hidden=\"true\" class=\"wp-block-spacer\"><\/div>\n\n\n\n<div class=\"wp-block-group is-vertical is-content-justification-center is-nowrap is-layout-flex wp-container-core-group-is-layout-2dc08cea wp-block-group-is-layout-flex\">\n<p class=\"has-text-align-center has-base-color has-text-color has-link-color wp-elements-220247035c63b92a651697d88a66fc10\" style=\"margin-top:var(--wp--preset--spacing--10);margin-bottom:0\"><em>~ Pablo Picasso<\/em><\/p>\n<\/div>\n<\/div>\n<\/div>\n<\/main>\n\n\n\n<p><\/p>\n","protected":false},"excerpt":{"rendered":"<p>Dobro do\u0161li u kreativni svijet anaviART! Mandala art Yoga Zapetljana Radionice \u201cLearn the rules like a pro, so you can break them like an artist.\u201d ~ Pablo Picasso<\/p>\n","protected":false},"author":1,"featured_media":0,"parent":0,"menu_order":0,"comment_status":"closed","ping_status":"closed","template":"","meta":{"footnotes":""},"class_list":["post-277","page","type-page","status-publish","hentry"],"_links":{"self":[{"href":"https:\/\/anavi-art.hr\/index.php\/wp-json\/wp\/v2\/pages\/277","targetHints":{"allow":["GET"]}}],"collection":[{"href":"https:\/\/anavi-art.hr\/index.php\/wp-json\/wp\/v2\/pages"}],"about":[{"href":"https:\/\/anavi-art.hr\/index.php\/wp-json\/wp\/v2\/types\/page"}],"author":[{"embeddable":true,"href":"https:\/\/anavi-art.hr\/index.php\/wp-json\/wp\/v2\/users\/1"}],"replies":[{"embeddable":true,"href":"https:\/\/anavi-art.hr\/index.php\/wp-json\/wp\/v2\/comments?post=277"}],"version-history":[{"count":3,"href":"https:\/\/anavi-art.hr\/index.php\/wp-json\/wp\/v2\/pages\/277\/revisions"}],"predecessor-version":[{"id":284,"href":"https:\/\/anavi-art.hr\/index.php\/wp-json\/wp\/v2\/pages\/277\/revisions\/284"}],"wp:attachment":[{"href":"https:\/\/anavi-art.hr\/index.php\/wp-json\/wp\/v2\/media?parent=277"}],"curies":[{"name":"wp","href":"https:\/\/api.w.org\/{rel}","templated":true}]}}